{"id":7851,"date":"2022-03-14T15:59:38","date_gmt":"2022-03-14T14:59:38","guid":{"rendered":"https:\/\/marbellaarena.com\/?page_id=7851"},"modified":"2024-05-23T11:04:00","modified_gmt":"2024-05-23T09:04:00","slug":"work-with-us","status":"publish","type":"page","link":"https:\/\/kktwa.com\/marbellaarena\/work-with-us\/","title":{"rendered":"Work with us"},"content":{"rendered":"\t\t<div data-elementor-type=\"wp-page\" data-elementor-id=\"7851\" class=\"elementor elementor-7851\">\n\t\t\t\t\t\t<section class=\"elementor-section elementor-top-section elementor-element elementor-element-39bd35d8 elementor-section-boxed elementor-section-height-default elementor-section-height-default\" data-id=\"39bd35d8\" data-element_type=\"section\" data-e-type=\"section\" data-settings=\"{&quot;background_background&quot;:&quot;slideshow&quot;,&quot;background_slideshow_gallery&quot;:[{&quot;id&quot;:14940,&quot;url&quot;:&quot;https:\\\/\\\/kktwa.com\\\/marbellaarena\\\/wp-content\\\/uploads\\\/2024\\\/05\\\/Escenario-scaled.jpg&quot;}],&quot;background_slideshow_loop&quot;:&quot;yes&quot;,&quot;background_slideshow_slide_duration&quot;:5000,&quot;background_slideshow_slide_transition&quot;:&quot;fade&quot;,&quot;background_slideshow_transition_duration&quot;:500}\">\n\t\t\t\t\t\t\t<div class=\"elementor-background-overlay\"><\/div>\n\t\t\t\t\t\t\t<div class=\"elementor-container elementor-column-gap-default\">\n\t\t\t\t\t<div class=\"elementor-column elementor-col-100 elementor-top-column elementor-element elementor-element-35d1c7d0\" data-id=\"35d1c7d0\" data-element_type=\"column\" data-e-type=\"column\">\n\t\t\t<div class=\"elementor-widget-wrap elementor-element-populated\">\n\t\t\t\t\t\t<div class=\"elementor-element elementor-element-bf9fdc5 elementor-widget elementor-widget-spacer\" data-id=\"bf9fdc5\" data-element_type=\"widget\" data-e-type=\"widget\" data-widget_type=\"spacer.default\">\n\t\t\t\t<div class=\"elementor-widget-container\">\n\t\t\t\t\t\t\t<div class=\"elementor-spacer\">\n\t\t\t<div class=\"elementor-spacer-inner\"><\/div>\n\t\t<\/div>\n\t\t\t\t\t\t<\/div>\n\t\t\t\t<\/div>\n\t\t\t\t<div class=\"elementor-element elementor-element-5db54b56 elementor-widget elementor-widget-text-editor\" data-id=\"5db54b56\" data-element_type=\"widget\" data-e-type=\"widget\" data-widget_type=\"text-editor.default\">\n\t\t\t\t<div class=\"elementor-widget-container\">\n\t\t\t\t\t\t\t\t\t<h2>WORK AT MARBELLA ARENA<\/h2>\t\t\t\t\t\t\t\t<\/div>\n\t\t\t\t<\/div>\n\t\t\t\t<div class=\"elementor-element elementor-element-f5b07ba elementor-widget elementor-widget-text-editor\" data-id=\"f5b07ba\" data-element_type=\"widget\" data-e-type=\"widget\" data-widget_type=\"text-editor.default\">\n\t\t\t\t<div class=\"elementor-widget-container\">\n\t\t\t\t\t\t\t\t\t<p>Do you want to be part of the Marbella Arena family?<br \/>Please fill out the following form and do not forget to tell us about your work experience and future plans<\/p>\t\t\t\t\t\t\t\t<\/div>\n\t\t\t\t<\/div>\n\t\t\t\t<div class=\"elementor-element elementor-element-729f4f0 elementor-button-align-start elementor-mobile-button-align-center elementor-widget elementor-widget-form\" data-id=\"729f4f0\" data-element_type=\"widget\" data-e-type=\"widget\" data-settings=\"{&quot;button_width&quot;:&quot;40&quot;,&quot;step_next_label&quot;:&quot;Next&quot;,&quot;step_previous_label&quot;:&quot;Previous&quot;,&quot;step_icon_shape&quot;:&quot;none&quot;,&quot;step_type&quot;:&quot;number_text&quot;}\" data-widget_type=\"form.default\">\n\t\t\t\t<div class=\"elementor-widget-container\">\n\t\t\t\t\t\t\t<form class=\"elementor-form\" method=\"post\" name=\"trabajaconnosotros\">\n\t\t\t<input type=\"hidden\" name=\"post_id\" value=\"7851\"\/>\n\t\t\t<input type=\"hidden\" name=\"form_id\" value=\"729f4f0\"\/>\n\t\t\t<input type=\"hidden\" name=\"referer_title\" value=\"Marbella Arena\" \/>\n\n\t\t\t\n\t\t\t<div class=\"elementor-form-fields-wrapper elementor-labels-\">\n\t\t\t\t\t\t\t\t<div class=\"elementor-field-type-text elementor-field-group elementor-column elementor-field-group-name elementor-col-33\">\n\t\t\t\t\t<label for=\"form-field-name\" class=\"elementor-field-label elementor-screen-only\">Name<\/label><input size=\"1\" type=\"text\" name=\"form_fields[name]\" id=\"form-field-name\" class=\"elementor-field elementor-size-md  elementor-field-textual\" placeholder=\"Name\">\t\t\t\t<\/div>\n\t\t\t\t\t\t\t\t<div class=\"elementor-field-type-email elementor-field-group elementor-column elementor-field-group-email elementor-col-33 elementor-field-required\">\n\t\t\t\t\t<label for=\"form-field-email\" class=\"elementor-field-label elementor-screen-only\">Email<\/label><input size=\"1\" type=\"email\" name=\"form_fields[email]\" id=\"form-field-email\" class=\"elementor-field elementor-size-md  elementor-field-textual\" placeholder=\"Email\" required=\"required\" aria-required=\"true\">\t\t\t\t<\/div>\n\t\t\t\t\t\t\t\t<div class=\"elementor-field-type-tel elementor-field-group elementor-column elementor-field-group-field_9ed0280 elementor-col-33\">\n\t\t\t\t\t<label for=\"form-field-field_9ed0280\" class=\"elementor-field-label elementor-screen-only\">Phone<\/label><input size=\"1\" type=\"tel\" name=\"form_fields[field_9ed0280]\" id=\"form-field-field_9ed0280\" class=\"elementor-field elementor-size-md  elementor-field-textual\" placeholder=\"Phone\" pattern=\"[0-9()#&amp;+*-=.]+\" title=\"S\u00f3lo n\u00fameros y caracteres de tel\u00e9fono son aceptados  (#,-,*,etc).\">\t\t\t\t<\/div>\n\t\t\t\t\t\t\t\t<div class=\"elementor-field-type-html elementor-field-group elementor-column elementor-field-group-field_57344ab elementor-col-100\">\n\t\t\t\t\t<span style=\"color:white; font-size:18px; font-weight: 600; \">Upload your CV formats: .pdf, .doc or .txt<\/span>\t\t\t\t<\/div>\n\t\t\t\t\t\t\t\t<div class=\"elementor-field-type-upload elementor-field-group elementor-column elementor-field-group-field_69a37e4 elementor-col-100 elementor-field-required\">\n\t\t\t\t\t<label for=\"form-field-field_69a37e4\" class=\"elementor-field-label elementor-screen-only\">Upload your CV<\/label><input type=\"file\" name=\"form_fields[field_69a37e4]\" id=\"form-field-field_69a37e4\" class=\"elementor-field elementor-size-md  elementor-upload-field\" required=\"required\" aria-required=\"true\" data-maxsize=\"10\" data-maxsize-message=\"This file exceeds the maximum allowed size.\">\t\t\t\t<\/div>\n\t\t\t\t\t\t\t\t<div class=\"elementor-field-type-textarea elementor-field-group elementor-column elementor-field-group-message elementor-col-100\">\n\t\t\t\t\t<label for=\"form-field-message\" class=\"elementor-field-label elementor-screen-only\">Message<\/label><textarea class=\"elementor-field-textual elementor-field  elementor-size-md\" name=\"form_fields[message]\" id=\"form-field-message\" rows=\"4\" placeholder=\"Message\"><\/textarea>\t\t\t\t<\/div>\n\t\t\t\t\t\t\t\t<div class=\"elementor-field-type-acceptance elementor-field-group elementor-column elementor-field-group-field_9f06c08 elementor-col-100 elementor-field-required\">\n\t\t\t\t\t<label for=\"form-field-field_9f06c08\" class=\"elementor-field-label elementor-screen-only\">privacidad<\/label><div class=\"elementor-field-subgroup\"><span class=\"elementor-field-option\"><input type=\"checkbox\" name=\"form_fields[field_9f06c08]\" id=\"form-field-field_9f06c08\" class=\"elementor-field elementor-size-md  elementor-acceptance-field\" required=\"required\" aria-required=\"true\"> <label for=\"form-field-field_9f06c08\"><span style=\"color:white\">I accept the <\/span><a href=\"https:\/\/kktwa.com\/marbellaarena\/politica-de-privacidad\/\" style=\"color: #E2AB25\">privacy policy.<\/a><\/label><\/span><\/div>\t\t\t\t<\/div>\n\t\t\t\t\t\t\t\t<div class=\"elementor-field-group elementor-column elementor-field-type-submit elementor-col-40 e-form__buttons\">\n\t\t\t\t\t<button type=\"submit\" class=\"elementor-button elementor-size-sm\">\n\t\t\t\t\t\t<span >\n\t\t\t\t\t\t\t\t\t\t\t\t\t\t\t<span class=\" elementor-button-icon\">\n\t\t\t\t\t\t\t\t\t\t\t\t\t\t\t\t\t\t\t\t\t\t\t\t\t\t<\/span>\n\t\t\t\t\t\t\t\t\t\t\t\t\t\t\t\t\t\t\t\t\t\t<span class=\"elementor-button-text\">SEND<\/span>\n\t\t\t\t\t\t\t\t\t\t\t\t\t<\/span>\n\t\t\t\t\t<\/button>\n\t\t\t\t<\/div>\n\t\t\t<\/div>\n\t\t<\/form>\n\t\t\t\t\t\t<\/div>\n\t\t\t\t<\/div>\n\t\t\t\t<div class=\"elementor-element elementor-element-3d6d844 elementor-widget elementor-widget-text-editor\" data-id=\"3d6d844\" data-element_type=\"widget\" data-e-type=\"widget\" data-widget_type=\"text-editor.default\">\n\t\t\t\t<div class=\"elementor-widget-container\">\n\t\t\t\t\t\t\t\t\t<p>AUDITORIO MARBELLA ARENA, S.L<br \/>B88535786<br \/>Domiciliada en Avenida Manolete s\/n Puerto Banu\u0301s, 29660 Marbella (Ma\u0301laga).<\/p><p>En cumplimiento del arti\u0301culo 5 del Reglamento Europeo 2016\/679, de 27 de abril de 2016, relativo a la proteccio\u0301n de las personas fi\u0301sicas en lo que respecta al tratamiento de datos personales y a la libre circulacio\u0301n de datos, le informamos que los datos de cara\u0301cter personal que nos facilita sera\u0301n recogidos en un fichero propiedad de AUDITORIO MARBELLA ARENA, S.L<\/p><p>Sus datos sera\u0301n registrados para gestionar su curri\u0301culum vitae como aspirante a trabajador de esta empresa, asi\u0301 como para contactar con usted cuando AUDITORIO MARBELLA ARENA, S.L lo considere oportuno.<\/p><p>AUDITORIO MARBELLA ARENA, S.L entiende que los datos de cara\u0301cter personal y la informacio\u0301n que usted nos ha facilitado son suyos, exactos y ciertos. Por otro lado, si usted nos comunica datos especialmente protegidos que revelen la ideologi\u0301a, afiliacio\u0301n sindical, religio\u0301n o creencias, asi\u0301 como referentes a origen racial, salud, minusvali\u0301as o vida sexual, de forma previa, le advertimos que de acuerdo con el arti\u0301culo 16 de la Constitucio\u0301n Espan\u0303ola, no esta\u0301 obligado a comunicarnos dicha informacio\u0301n, y le rogamos que aunque hace la entrega de su curri\u0301culum de forma voluntaria y consentida, se abstenga de comunicarnos datos de esta naturaleza. El incumplimiento por su parte de este requisito, ocasionara\u0301 que sus datos no sean incluidos en el proceso de seleccio\u0301n de personal y sean borrados y\/o destruidos.<\/p><p>Usted podra\u0301 ejercer sus derechos de acceso, rectificacio\u0301n, cancelacio\u0301n y oposicio\u0301n en relacio\u0301n al tratamiento de sus datos en AUDITORIO MARBELLA ARENA, S.L, domiciliada en \u00a0Avenida Manolete s\/n Puerto Banu\u0301s, 29660 Marbella (Ma\u0301laga), en cualquier momento. Para ello, podra\u0301 dirigirse por escrito o persona\u0301ndose en AUDITORIO MARBELLA ARENA, S.L<\/p><p>No esta\u0301 prevista la toma de decisiones automatizadas o elaboracio\u0301n de perfiles.<\/p><p>Finalmente le comunicamos que a partir de seis meses desde la fecha de recepcio\u0301n, se podri\u0301a proceder a eliminar la informacio\u0301n que usted haya enviado porque se considerase que ya no es vigente para un proceso de seleccio\u0301n de personal.<\/p>\t\t\t\t\t\t\t\t<\/div>\n\t\t\t\t<\/div>\n\t\t\t\t\t<\/div>\n\t\t<\/div>\n\t\t\t\t\t<\/div>\n\t\t<\/section>\n\t\t\t\t<\/div>\n\t\t","protected":false},"excerpt":{"rendered":"<p>WORK AT MARBELLA ARENA Do you want to be part of the Marbella Arena family?Please fill out the following form and do not forget to tell us about your work experience and future plans AUDITORIO MARBELLA ARENA, S.LB88535786Domiciliada en Avenida Manolete s\/n Puerto Banu\u0301s, 29660 Marbella (Ma\u0301laga). En cumplimiento del arti\u0301culo 5 del Reglamento Europeo &hellip; <\/p>\n<p class=\"link-more\"><a href=\"https:\/\/kktwa.com\/marbellaarena\/work-with-us\/\" class=\"more-link\">Seguir leyendo<span class=\"screen-reader-text\"> \u00abWork with us\u00bb<\/span><\/a><\/p>\n","protected":false},"author":1,"featured_media":7048,"parent":0,"menu_order":0,"comment_status":"closed","ping_status":"closed","template":"elementor_header_footer","meta":{"_acf_changed":false,"footnotes":""},"class_list":["post-7851","page","type-page","status-publish","has-post-thumbnail","hentry","entry"],"acf":[],"yoast_head":"<!-- This site is optimized with the Yoast SEO plugin v27.6 - https:\/\/yoast.com\/product\/yoast-seo-wordpress\/ -->\n<title>Work with us &#187; Marbella Arena<\/title>\n<meta name=\"robots\" content=\"noindex, follow, max-snippet:-1, max-image-preview:large, max-video-preview:-1\" \/>\n<meta property=\"og:locale\" content=\"es_ES\" \/>\n<meta property=\"og:type\" content=\"article\" \/>\n<meta property=\"og:title\" content=\"Work with us &#187; Marbella Arena\" \/>\n<meta property=\"og:description\" content=\"WORK AT MARBELLA ARENA Do you want to be part of the Marbella Arena family?Please fill out the following form and do not forget to tell us about your work experience and future plans AUDITORIO MARBELLA ARENA, S.LB88535786Domiciliada en Avenida Manolete s\/n Puerto Banu\u0301s, 29660 Marbella (Ma\u0301laga). En cumplimiento del arti\u0301culo 5 del Reglamento Europeo &hellip; Seguir leyendo \u00abWork with us\u00bb\" \/>\n<meta property=\"og:url\" content=\"https:\/\/kktwa.com\/marbellaarena\/work-with-us\/\" \/>\n<meta property=\"og:site_name\" content=\"Marbella Arena\" \/>\n<meta property=\"article:publisher\" content=\"https:\/\/www.facebook.com\/marbellaarena\/\" \/>\n<meta property=\"article:modified_time\" content=\"2024-05-23T09:04:00+00:00\" \/>\n<meta property=\"og:image\" content=\"https:\/\/marbellaarena.com\/wp-content\/uploads\/2021\/11\/bg-web-marbellaarena-domo-1-scaled.jpg\" \/>\n\t<meta property=\"og:image:width\" content=\"2560\" \/>\n\t<meta property=\"og:image:height\" content=\"1969\" \/>\n\t<meta property=\"og:image:type\" content=\"image\/jpeg\" \/>\n<meta name=\"twitter:card\" content=\"summary_large_image\" \/>\n<meta name=\"twitter:site\" content=\"@marbellaarena\" \/>\n<meta name=\"twitter:label1\" content=\"Tiempo de lectura\" \/>\n\t<meta name=\"twitter:data1\" content=\"2 minutos\" \/>\n<script type=\"application\/ld+json\" class=\"yoast-schema-graph\">{\"@context\":\"https:\\\/\\\/schema.org\",\"@graph\":[{\"@type\":\"WebPage\",\"@id\":\"https:\\\/\\\/kktwa.com\\\/marbellaarena\\\/work-with-us\\\/\",\"url\":\"https:\\\/\\\/kktwa.com\\\/marbellaarena\\\/work-with-us\\\/\",\"name\":\"Work with us &#187; Marbella Arena\",\"isPartOf\":{\"@id\":\"https:\\\/\\\/kktwa.com\\\/marbellaarena\\\/#website\"},\"primaryImageOfPage\":{\"@id\":\"https:\\\/\\\/kktwa.com\\\/marbellaarena\\\/work-with-us\\\/#primaryimage\"},\"image\":{\"@id\":\"https:\\\/\\\/kktwa.com\\\/marbellaarena\\\/work-with-us\\\/#primaryimage\"},\"thumbnailUrl\":\"https:\\\/\\\/kktwa.com\\\/marbellaarena\\\/wp-content\\\/uploads\\\/2021\\\/11\\\/bg-web-marbellaarena-domo-1-scaled.jpg\",\"datePublished\":\"2022-03-14T14:59:38+00:00\",\"dateModified\":\"2024-05-23T09:04:00+00:00\",\"breadcrumb\":{\"@id\":\"https:\\\/\\\/kktwa.com\\\/marbellaarena\\\/work-with-us\\\/#breadcrumb\"},\"inLanguage\":\"es\",\"potentialAction\":[{\"@type\":\"ReadAction\",\"target\":[\"https:\\\/\\\/kktwa.com\\\/marbellaarena\\\/work-with-us\\\/\"]}]},{\"@type\":\"ImageObject\",\"inLanguage\":\"es\",\"@id\":\"https:\\\/\\\/kktwa.com\\\/marbellaarena\\\/work-with-us\\\/#primaryimage\",\"url\":\"https:\\\/\\\/kktwa.com\\\/marbellaarena\\\/wp-content\\\/uploads\\\/2021\\\/11\\\/bg-web-marbellaarena-domo-1-scaled.jpg\",\"contentUrl\":\"https:\\\/\\\/kktwa.com\\\/marbellaarena\\\/wp-content\\\/uploads\\\/2021\\\/11\\\/bg-web-marbellaarena-domo-1-scaled.jpg\",\"width\":2560,\"height\":1969},{\"@type\":\"BreadcrumbList\",\"@id\":\"https:\\\/\\\/kktwa.com\\\/marbellaarena\\\/work-with-us\\\/#breadcrumb\",\"itemListElement\":[{\"@type\":\"ListItem\",\"position\":1,\"name\":\"Portada\",\"item\":\"https:\\\/\\\/marbellaarena.com\\\/\"},{\"@type\":\"ListItem\",\"position\":2,\"name\":\"Work with us\"}]},{\"@type\":\"WebSite\",\"@id\":\"https:\\\/\\\/kktwa.com\\\/marbellaarena\\\/#website\",\"url\":\"https:\\\/\\\/kktwa.com\\\/marbellaarena\\\/\",\"name\":\"Marbella Arena\",\"description\":\"Conciertos musicales, eventos deportivos, humor, teatro y mucho m\u00e1s es lo que te espera en Marbella Arena. Un espacio redise\u00f1ado para el ocio y la cultura.\",\"publisher\":{\"@id\":\"https:\\\/\\\/kktwa.com\\\/marbellaarena\\\/#organization\"},\"potentialAction\":[{\"@type\":\"SearchAction\",\"target\":{\"@type\":\"EntryPoint\",\"urlTemplate\":\"https:\\\/\\\/kktwa.com\\\/marbellaarena\\\/?s={search_term_string}\"},\"query-input\":{\"@type\":\"PropertyValueSpecification\",\"valueRequired\":true,\"valueName\":\"search_term_string\"}}],\"inLanguage\":\"es\"},{\"@type\":\"Organization\",\"@id\":\"https:\\\/\\\/kktwa.com\\\/marbellaarena\\\/#organization\",\"name\":\"Marbella Arena\",\"url\":\"https:\\\/\\\/kktwa.com\\\/marbellaarena\\\/\",\"logo\":{\"@type\":\"ImageObject\",\"inLanguage\":\"es\",\"@id\":\"https:\\\/\\\/kktwa.com\\\/marbellaarena\\\/#\\\/schema\\\/logo\\\/image\\\/\",\"url\":\"https:\\\/\\\/kktwa.com\\\/marbellaarena\\\/wp-content\\\/uploads\\\/2021\\\/03\\\/logotipoMarbellaArena.png\",\"contentUrl\":\"https:\\\/\\\/kktwa.com\\\/marbellaarena\\\/wp-content\\\/uploads\\\/2021\\\/03\\\/logotipoMarbellaArena.png\",\"width\":442,\"height\":320,\"caption\":\"Marbella Arena\"},\"image\":{\"@id\":\"https:\\\/\\\/kktwa.com\\\/marbellaarena\\\/#\\\/schema\\\/logo\\\/image\\\/\"},\"sameAs\":[\"https:\\\/\\\/www.facebook.com\\\/marbellaarena\\\/\",\"https:\\\/\\\/x.com\\\/marbellaarena\",\"https:\\\/\\\/www.instagram.com\\\/marbellaarena\\\/\"]}]}<\/script>\n<!-- \/ Yoast SEO plugin. -->","yoast_head_json":{"title":"Work with us &#187; Marbella Arena","robots":{"index":"noindex","follow":"follow","max-snippet":"max-snippet:-1","max-image-preview":"max-image-preview:large","max-video-preview":"max-video-preview:-1"},"og_locale":"es_ES","og_type":"article","og_title":"Work with us &#187; Marbella Arena","og_description":"WORK AT MARBELLA ARENA Do you want to be part of the Marbella Arena family?Please fill out the following form and do not forget to tell us about your work experience and future plans AUDITORIO MARBELLA ARENA, S.LB88535786Domiciliada en Avenida Manolete s\/n Puerto Banu\u0301s, 29660 Marbella (Ma\u0301laga). En cumplimiento del arti\u0301culo 5 del Reglamento Europeo &hellip; Seguir leyendo \u00abWork with us\u00bb","og_url":"https:\/\/kktwa.com\/marbellaarena\/work-with-us\/","og_site_name":"Marbella Arena","article_publisher":"https:\/\/www.facebook.com\/marbellaarena\/","article_modified_time":"2024-05-23T09:04:00+00:00","og_image":[{"width":2560,"height":1969,"url":"https:\/\/marbellaarena.com\/wp-content\/uploads\/2021\/11\/bg-web-marbellaarena-domo-1-scaled.jpg","type":"image\/jpeg"}],"twitter_card":"summary_large_image","twitter_site":"@marbellaarena","twitter_misc":{"Tiempo de lectura":"2 minutos"},"schema":{"@context":"https:\/\/schema.org","@graph":[{"@type":"WebPage","@id":"https:\/\/kktwa.com\/marbellaarena\/work-with-us\/","url":"https:\/\/kktwa.com\/marbellaarena\/work-with-us\/","name":"Work with us &#187; Marbella Arena","isPartOf":{"@id":"https:\/\/kktwa.com\/marbellaarena\/#website"},"primaryImageOfPage":{"@id":"https:\/\/kktwa.com\/marbellaarena\/work-with-us\/#primaryimage"},"image":{"@id":"https:\/\/kktwa.com\/marbellaarena\/work-with-us\/#primaryimage"},"thumbnailUrl":"https:\/\/kktwa.com\/marbellaarena\/wp-content\/uploads\/2021\/11\/bg-web-marbellaarena-domo-1-scaled.jpg","datePublished":"2022-03-14T14:59:38+00:00","dateModified":"2024-05-23T09:04:00+00:00","breadcrumb":{"@id":"https:\/\/kktwa.com\/marbellaarena\/work-with-us\/#breadcrumb"},"inLanguage":"es","potentialAction":[{"@type":"ReadAction","target":["https:\/\/kktwa.com\/marbellaarena\/work-with-us\/"]}]},{"@type":"ImageObject","inLanguage":"es","@id":"https:\/\/kktwa.com\/marbellaarena\/work-with-us\/#primaryimage","url":"https:\/\/kktwa.com\/marbellaarena\/wp-content\/uploads\/2021\/11\/bg-web-marbellaarena-domo-1-scaled.jpg","contentUrl":"https:\/\/kktwa.com\/marbellaarena\/wp-content\/uploads\/2021\/11\/bg-web-marbellaarena-domo-1-scaled.jpg","width":2560,"height":1969},{"@type":"BreadcrumbList","@id":"https:\/\/kktwa.com\/marbellaarena\/work-with-us\/#breadcrumb","itemListElement":[{"@type":"ListItem","position":1,"name":"Portada","item":"https:\/\/marbellaarena.com\/"},{"@type":"ListItem","position":2,"name":"Work with us"}]},{"@type":"WebSite","@id":"https:\/\/kktwa.com\/marbellaarena\/#website","url":"https:\/\/kktwa.com\/marbellaarena\/","name":"Marbella Arena","description":"Conciertos musicales, eventos deportivos, humor, teatro y mucho m\u00e1s es lo que te espera en Marbella Arena. Un espacio redise\u00f1ado para el ocio y la cultura.","publisher":{"@id":"https:\/\/kktwa.com\/marbellaarena\/#organization"},"potentialAction":[{"@type":"SearchAction","target":{"@type":"EntryPoint","urlTemplate":"https:\/\/kktwa.com\/marbellaarena\/?s={search_term_string}"},"query-input":{"@type":"PropertyValueSpecification","valueRequired":true,"valueName":"search_term_string"}}],"inLanguage":"es"},{"@type":"Organization","@id":"https:\/\/kktwa.com\/marbellaarena\/#organization","name":"Marbella Arena","url":"https:\/\/kktwa.com\/marbellaarena\/","logo":{"@type":"ImageObject","inLanguage":"es","@id":"https:\/\/kktwa.com\/marbellaarena\/#\/schema\/logo\/image\/","url":"https:\/\/kktwa.com\/marbellaarena\/wp-content\/uploads\/2021\/03\/logotipoMarbellaArena.png","contentUrl":"https:\/\/kktwa.com\/marbellaarena\/wp-content\/uploads\/2021\/03\/logotipoMarbellaArena.png","width":442,"height":320,"caption":"Marbella Arena"},"image":{"@id":"https:\/\/kktwa.com\/marbellaarena\/#\/schema\/logo\/image\/"},"sameAs":["https:\/\/www.facebook.com\/marbellaarena\/","https:\/\/x.com\/marbellaarena","https:\/\/www.instagram.com\/marbellaarena\/"]}]}},"_links":{"self":[{"href":"https:\/\/kktwa.com\/marbellaarena\/wp-json\/wp\/v2\/pages\/7851","targetHints":{"allow":["GET"]}}],"collection":[{"href":"https:\/\/kktwa.com\/marbellaarena\/wp-json\/wp\/v2\/pages"}],"about":[{"href":"https:\/\/kktwa.com\/marbellaarena\/wp-json\/wp\/v2\/types\/page"}],"author":[{"embeddable":true,"href":"https:\/\/kktwa.com\/marbellaarena\/wp-json\/wp\/v2\/users\/1"}],"replies":[{"embeddable":true,"href":"https:\/\/kktwa.com\/marbellaarena\/wp-json\/wp\/v2\/comments?post=7851"}],"version-history":[{"count":61,"href":"https:\/\/kktwa.com\/marbellaarena\/wp-json\/wp\/v2\/pages\/7851\/revisions"}],"predecessor-version":[{"id":14952,"href":"https:\/\/kktwa.com\/marbellaarena\/wp-json\/wp\/v2\/pages\/7851\/revisions\/14952"}],"wp:featuredmedia":[{"embeddable":true,"href":"https:\/\/kktwa.com\/marbellaarena\/wp-json\/wp\/v2\/media\/7048"}],"wp:attachment":[{"href":"https:\/\/kktwa.com\/marbellaarena\/wp-json\/wp\/v2\/media?parent=7851"}],"curies":[{"name":"wp","href":"https:\/\/api.w.org\/{rel}","templated":true}]}}